{"id":76,"date":"2020-05-30T07:56:55","date_gmt":"2020-05-30T07:56:55","guid":{"rendered":"https:\/\/www.autoescolabelba.com\/tienda\/?post_type=product&#038;p=76"},"modified":"2025-12-24T12:29:27","modified_gmt":"2025-12-24T12:29:27","slug":"teorico-a-tu-medida-nunca-fue-tan-facil","status":"publish","type":"product","link":"https:\/\/www.autoescolabelba.com\/tienda\/producto\/teorico-a-tu-medida-nunca-fue-tan-facil\/","title":{"rendered":"TE\u00d3RICO A TU MEDIDA, NUNCA FUE TAN F\u00c1CIL!!"},"content":{"rendered":"<p><strong>Incluye:<\/strong><\/p>\n<ul>\n<li>Inscripci\u00f3n a Belba y acceso a todos nuestros servicios.<\/li>\n<li>Tramitaci\u00f3n y gesti\u00f3n de documentaci\u00f3n en tr\u00e1fico.<\/li>\n<li>Clases presenciales ilimitadas.<\/li>\n<li>Disponibilidad de nuestros equipos t\u00e1ctiles para realizar test.<\/li>\n<li>Ayuda presencial personalizada para resolver tus dudas de los test de examen.<\/li>\n<li>Acceso durante 4 meses a nuestra plataforma, que incluye:\n<ul>\n<li>Test online.<\/li>\n<li>Bater\u00eda de TODAS LAS PREGUNTAS DE EXAMEN.<\/li>\n<li>Seguimiento de tus progresos y evoluci\u00f3n de aprendizaje.<\/li>\n<\/ul>\n<\/li>\n<\/ul>\n<p><strong>No incluye:<\/strong><\/p>\n<ul>\n<li>Tasas de tr\u00e1fico.<\/li>\n<li>Reconocimiento m\u00e9dico.<\/li>\n<\/ul>\n<p>&nbsp;<\/p>\n<p><strong>T\u00fa eliges:<\/strong><\/p>\n<p>La mejor opci\u00f3n para obtener r\u00e1pidamente el te\u00f3rico y ahorrar dinero en tus clases pr\u00e1cticas es nuestra ATENCI\u00d3N DIARIA PERSONALIZADA EN EL AULA. Puedes asistir a las clases presenciales, hacer test y resolver dudas en la autoescuela. Adem\u00e1s de tener a tu disposici\u00f3n TODA NUESTRA PLATAFORMA durante 4 meses, para trabajar en casa.<\/p>\n<p>Si no puedes asistir o te falta tiempo con 4 meses, \u00a1NO TE PREOCUPES! Puedes seguir viniendo a las clases presenciales y hacer test en la autoescuela durante m\u00e1s tiempo. \u00a1TE LO PONEMOS F\u00c1CIL!<\/p>\n<p>&nbsp;<\/p>\n","protected":false},"excerpt":{"rendered":"<p>Lee a continuaci\u00f3n todo lo que incluye este pack ahorro.<\/p>\n","protected":false},"featured_media":94,"template":"","meta":[],"product_brand":[],"product_cat":[19],"product_tag":[],"class_list":{"0":"post-76","1":"product","2":"type-product","3":"status-publish","4":"has-post-thumbnail","6":"product_cat-coche","8":"first","9":"instock","10":"shipping-taxable","11":"purchasable","12":"product-type-simple"},"_links":{"self":[{"href":"https:\/\/www.autoescolabelba.com\/tienda\/wp-json\/wp\/v2\/product\/76","targetHints":{"allow":["GET"]}}],"collection":[{"href":"https:\/\/www.autoescolabelba.com\/tienda\/wp-json\/wp\/v2\/product"}],"about":[{"href":"https:\/\/www.autoescolabelba.com\/tienda\/wp-json\/wp\/v2\/types\/product"}],"wp:featuredmedia":[{"embeddable":true,"href":"https:\/\/www.autoescolabelba.com\/tienda\/wp-json\/wp\/v2\/media\/94"}],"wp:attachment":[{"href":"https:\/\/www.autoescolabelba.com\/tienda\/wp-json\/wp\/v2\/media?parent=76"}],"wp:term":[{"taxonomy":"product_brand","embeddable":true,"href":"https:\/\/www.autoescolabelba.com\/tienda\/wp-json\/wp\/v2\/product_brand?post=76"},{"taxonomy":"product_cat","embeddable":true,"href":"https:\/\/www.autoescolabelba.com\/tienda\/wp-json\/wp\/v2\/product_cat?post=76"},{"taxonomy":"product_tag","embeddable":true,"href":"https:\/\/www.autoescolabelba.com\/tienda\/wp-json\/wp\/v2\/product_tag?post=76"}],"curies":[{"name":"wp","href":"https:\/\/api.w.org\/{rel}","templated":true}]}}