{"id":102,"date":"2020-06-06T08:01:31","date_gmt":"2020-06-06T08:01:31","guid":{"rendered":"https:\/\/www.autoescolabelba.com\/tienda\/?post_type=product&#038;p=102"},"modified":"2025-12-26T16:44:08","modified_gmt":"2025-12-26T16:44:08","slug":"teorico-am","status":"publish","type":"product","link":"https:\/\/www.autoescolabelba.com\/tienda\/producto\/teorico-am\/","title":{"rendered":"TE\u00d3RICO AM"},"content":{"rendered":"<p><strong>Incluye:<\/strong><\/p>\n<ul>\n<li>Inscripci\u00f3n a Belba y acceso a todos nuestros servicios.<\/li>\n<li>Tramitaci\u00f3n y gesti\u00f3n de documentaci\u00f3n en tr\u00e1fico.<\/li>\n<li>Disponibilidad de nuestros equipos t\u00e1ctiles para realizar test.<\/li>\n<li>Ayuda presencial personalizada para resolver tus dudas de los test de examen.<\/li>\n<li>Test online.<\/li>\n<li>Clases pr\u00e1cticas en pista.<\/li>\n<li>Examen pr\u00e1ctico.<\/li>\n<\/ul>\n<p><strong>No incluye:<\/strong><\/p>\n<p>Tasas de tr\u00e1fico.<\/p>\n<p>Reconocimiento m\u00e9dico.<\/p>\n","protected":false},"excerpt":{"rendered":"<p>Incluye: Inscripci\u00f3n a Belba y acceso a todos nuestros servicios. Tramitaci\u00f3n y gesti\u00f3n de documentaci\u00f3n en tr\u00e1fico. Disponibilidad de nuestros equipos t\u00e1ctiles para realizar test. Ayuda presencial personalizada para resolver tus dudas de los test de examen. Test online. Clases pr\u00e1cticas en pista. Examen pr\u00e1ctico. No incluye: Tasas de tr\u00e1fico. Reconocimiento m\u00e9dico.<\/p>\n","protected":false},"featured_media":100,"template":"","meta":[],"product_brand":[],"product_cat":[20,25],"product_tag":[],"class_list":{"0":"post-102","1":"product","2":"type-product","3":"status-publish","4":"has-post-thumbnail","6":"product_cat-moto","7":"product_cat-permiso-de-moto-am","9":"first","10":"instock","11":"shipping-taxable","12":"purchasable","13":"product-type-simple"},"_links":{"self":[{"href":"https:\/\/www.autoescolabelba.com\/tienda\/wp-json\/wp\/v2\/product\/102","targetHints":{"allow":["GET"]}}],"collection":[{"href":"https:\/\/www.autoescolabelba.com\/tienda\/wp-json\/wp\/v2\/product"}],"about":[{"href":"https:\/\/www.autoescolabelba.com\/tienda\/wp-json\/wp\/v2\/types\/product"}],"wp:featuredmedia":[{"embeddable":true,"href":"https:\/\/www.autoescolabelba.com\/tienda\/wp-json\/wp\/v2\/media\/100"}],"wp:attachment":[{"href":"https:\/\/www.autoescolabelba.com\/tienda\/wp-json\/wp\/v2\/media?parent=102"}],"wp:term":[{"taxonomy":"product_brand","embeddable":true,"href":"https:\/\/www.autoescolabelba.com\/tienda\/wp-json\/wp\/v2\/product_brand?post=102"},{"taxonomy":"product_cat","embeddable":true,"href":"https:\/\/www.autoescolabelba.com\/tienda\/wp-json\/wp\/v2\/product_cat?post=102"},{"taxonomy":"product_tag","embeddable":true,"href":"https:\/\/www.autoescolabelba.com\/tienda\/wp-json\/wp\/v2\/product_tag?post=102"}],"curies":[{"name":"wp","href":"https:\/\/api.w.org\/{rel}","templated":true}]}}